p = -g*u - 316. Calculate the greatest common factor of 23 and p.
23
Suppose -h = 5*k + h - 14, -k = -2*h - 10. Let r be (-1264)/(-14) + k/(-14). Calculate the greatest common divisor of r and 20.
10
Let v(n) = n**2 + 5*n - 22. Let o be v(10). What is the greatest common factor of o and 48?
16
Let u(k) = 4*k**2 + 105*k - 71. Let x be u(-28). What is the highest common factor of x and 50?
25
Let p(i) = -i + 7. Suppose 3*c = -q + 4 - 18, -3 = c + 2*q. Let g be p(c). Let z be (-179)/(-3) + (-3)/(-9). Calculate the highest common divisor of g and z.
12
Suppose 0 = 4*i - 12, -1409 = 4*f - 2*i - 3683. Calculate the highest common divisor of 114 and f.
114
Let i be 0/2 + -7 + 4. Let o(v) = -5*v + 1. Let b be o(i). Let a be (12/b)/(4/96). What is the greatest common factor of 27 and a?
9
Let a = -6 + 0. Let v be ((-4)/(-5))/(a/(-75)). Let y be (-4 - 0) + 89 + 3 + 2. Calculate the highest common factor of y and v.
10
Let d(k) = 6*k**2 - k - 21. Let a be d(-5). Calculate the highest common divisor of 201 and a.
67
Suppose 72*u - 79*u = -1288. Calculate the highest common factor of 8 and u.
8
Let q be 6/(-2)*87/(-9). Let b = q + -27. Suppose 7*n = b*n - 25, 125 = 4*v + 3*n. What is the greatest common factor of v and 140?
35
Let v be (-23 - -3)*(-22)/10. What is the highest common divisor of 33 and v?
11
Let o = 161 + -151. What is the greatest common factor of 25 and o?
5
Suppose 9*f - 138 = 6*f. Let p = f - 44. Let g(t) = -t - 8. Let l be g(-9). Calculate the greatest common factor of p and l.
1
Let w be ((-7)/(-2))/(40/80). What is the highest common divisor of 1 and w?
1
Suppose -16*r + 230 + 90 = 0. Calculate the greatest common factor of 60 and r.
20
Let k be ((-2)/2)/((-7)/7). Let s(u) = 10*u**2 + u - 1. Let n be s(k). What is the greatest common divisor of n and 90?
10
Let c be (1*-2)/(1/(-3)). Suppose -t = -3*t + c. Suppose t*h - 3 = 21. What is the greatest common divisor of h and 32?
8
Let u = -45 + 83. Let i be u*((-25)/(-2))/5. Suppose 0 = y + 4*y - i. What is the highest common divisor of 38 and y?
19
Suppose 2*w - 4*w - 31 = p, 5*p = -2*w - 27. Let a be -1*(2 + 0 - w). Let r = a - -24. Calculate the greatest common factor of r and 12.
6
Let x(j) = j + 7. Let a be x(-5). Let g = 2 + a. Suppose 154 = 11*l - 22. Calculate the highest common divisor of l and g.
4
Let q(f) = f**3 + 38*f**2 + 2*f + 114. Let k be q(-38). What is the highest common factor of 1007 and k?
19
Let z be 2/(-8) + 1/4 + 0. Let i be 1/1*14 + z. Calculate the highest common factor of 35 and i.
7
Let n be ((-6)/10)/((-2)/120). Calculate the highest common divisor of 684 and n.
36
Suppose -5 = -o + 5. Let m be 19 - (35 - 40)*(-8)/10. What is the highest common divisor of m and o?
5
Let m(t) = 71*t + 6. Let k(y) = -71*y - 7. Let o(r) = -4*k(r) - 5*m(r). Let x = 689 + -690. Let q be o(x). Calculate the greatest common factor of 46 and q.
23
Let f = 275 - 163. Let d(a) = 3*a**2 + 4*a + 1. Let c be d(-3). What is the highest common divisor of f and c?
16
Let i(k) = -24*k**2 + 4*k - 4. Let f be i(4). Let t = -174 - f. Calculate the highest common divisor of 22 and t.
22
Let b(s) = -2*s - 1. Let x be b(-1). Let a(c) = 3*c - x + 3*c**2 - 2*c + 0*c. Let l be a(-2). Calculate the greatest common factor of l and 3.
3
Let c = 829 + -664. What is the greatest common divisor of 33 and c?
33
Let w = -346 - -358. What is the greatest common divisor of w and 456?
12
Suppose 18*o - 86 = -68. What is the highest common divisor of 5 and o?
1
Suppose -6*d + 9*d = 81. Let k = 2 + d. What is the greatest common factor of k and 232?
29
Let t = -19 - -35. Let i = 332 + -308. What is the highest common divisor of t and i?
8
Suppose -q - 3*q = -1116. Let i be (56/4)/(2/8). Suppose -4*s + i = -68. Calculate the highest common factor of s and q.
31
Let c be ((-80)/(-22))/((-56)/(-308)). Suppose k - 8 = -j + 2, -4*j = 3*k - 35. Calculate the greatest common factor of c and j.
5
Suppose 5*s - s = -48. Let i be (66/(-4))/(2/s). Let g(w) = -233*w - 6979. Let d be g(-30). Calculate the greatest common factor of i and d.
11
Suppose -3 = -x, -3*x - 2280 = -3*m - 771. Calculate the greatest common factor of 22 and m.
22
Suppose 3*f = 5*i + 28, 5*f = 4*i - i + 20. What is the highest common factor of 131 and f?
1
Let k(h) = -h**3 - 5*h**2 - 10*h - 14. Let f be k(-5). Calculate the highest common factor of 180 and f.
36
Let k(t) = t**3 - 20*t**2 - 11*t - 202. Let z be k(21). Suppose -2*w + 8 = -24. Calculate the highest common factor of z and w.
8
Let b(l) = -l**2 - 16*l + 10. Let f be b(-16). Suppose 2*i + 2 = -0. Let h = 6 + i. What is the highest common divisor of h and f?
5
Suppose 0 = i - 4*s - 170, -10*i + 13*i + 3*s = 510. What is the greatest common factor of 20 and i?
10
Let b(y) = -y**2 + 10*y - 13. Suppose 26 - 86 = -10*q. Let n be b(q). What is the highest common factor of n and 55?
11
Suppose f + 80 = -4*f. Let v be (2/2)/((-1)/f). Suppose -z = -15 - 49. What is the highest common divisor of z and v?
16
Let n(d) = 24*d - 76. Let y be n(8). Calculate the greatest common divisor of 87 and y.
29
Let j(k) = -2*k + 16. Let a be j(11). Let c be (50*2)/(a + 8). Suppose 5*r - 5 = c. What is the highest common factor of r and 55?
11
Suppose 0 = 4*t - 1 - 19. Suppose 8*v + 48 = -0*v. Let g be v/15 - (-212)/t. Calculate the greatest common divisor of g and 105.
21
Suppose -139*u = -138*u - 41. Calculate the highest common factor of 1 and u.
1
Let j be (-1 + 2)/(6/702). Calculate the greatest common factor of j and 78.
39
Let m = 31 + -1. Let d = -101 - -161. Calculate the greatest common divisor of d and m.
30
Let u = -2301 + 2333. Calculate the highest common divisor of u and 432.
16
Let x = 4 - 4. Suppose -n - 1 = -5. Suppose x*c + 360 = n*c. What is the highest common factor of c and 36?
18
Suppose -18*k + 22*k = 256. Calculate the greatest common factor of k and 64.
64
Let z(g) = -4*g**3 - 3*g**2 + 2*g - 4. Let p be z(-3). Suppose p = r - 94. Calculate the highest common factor of 15 and r.
15
Let k(v) = v**2 - 7*v + 32. Let q be k(5). Suppose -3*n + 3*s = -447, -n + 6*s - 2*s + 134 = 0. Calculate the greatest common factor of n and q.
22
Suppose -20*b + 22*b = 12. Let y be ((-2)/(b/(-1)))/((-8)/(-408)). What is the highest common factor of y and 119?
17
Let t be (-132)/6*(-6)/4. Suppose 37*u = t*u + 104. Calculate the greatest common divisor of u and 104.
26
Suppose -4*m - 2*b = -3368, 10*b = -5*m + 13*b + 4188. What is the greatest common divisor of 24 and m?
24
Let a(g) = 7*g - 13. Let r be a(9). Let b be (-6)/(((-8)/r)/4). What is the highest common factor of b and 15?
15
Suppose 2*l + 5*r = 18, r - 5 = -1. Let n be (-1 - 35/l)/1. Suppose 204 - n = 5*c. What is the greatest common factor of 238 and c?
34
Suppose 69*g = 73*g - 372. Calculate the highest common divisor of g and 62.
31
Suppose 44 = 3*b + 8*b. Suppose 0 = -b*p - 4*j + 28 - 4, 0 = -2*j + 6. What is the greatest common divisor of 69 and p?
3
Let m = 915 - 509. Calculate the highest common divisor of 14 and m.
14
Let w = 5595 - 5543. Let z = 10 + 3. What is the greatest common divisor of w and z?
13
Let x be (-4)/18 + 1634/387. Calculate the highest common factor of x and 4.
4
Suppose 15*i + 3740 = 37*i. What is the greatest common factor of 136 and i?
34
Suppose -4*i + 0*w + 292 = -w, 2*i - 164 = 5*w. Let c = -43 + i. Calculate the highest common factor of 58 and c.
29
Suppose 0 = -4*g - 2*a + 22, 0 = -g - g - 2*a + 16. Suppose g*i - 29 = 4. What is the highest common divisor of i and 11?
11
Let z be (0/3 - -15) + (-3)/1. What is the greatest common factor of z and 588?
12
Suppose 4*l - 3*s = -2*s + 268, -338 = -5*l + 2*s. Let d be 1/(-3)*(-132)/2. What is the highest common factor of l and d?
22
Suppose -4*c = 4*b - 36, -2*c - 2*c + 4 = 0. What is the highest common factor of 72 and b?
8
Suppose q + 2*z + 2 = 0, q - 4*z = 5*q. Suppose -q = -5*r + 313. What is the greatest common divisor of r and 21?
21
Let m(c) = 2*c**2 + 5*c - 76. Let w be m(-8). Calculate the highest common divisor of w and 21.
3
Let s(v) = -104*v + 553. Let z be s(5). Let c be (-216)/(-10) + 4/10. What is the highest common factor of z and c?
11
Suppose 2*y - 57 = -y. Let t(a) = 455*a**3 + 2*a**2 - a. Let i be t(1). Let m be (i/(-16))/((-1)/6). Calculate the highest